ose 9 = 2*t + 3. Suppose -i = h - 4, -t*h + i + 7 = -i. What is the remainder when h is divided by 3?
0
Calculate the remainder when 1886 is divided by 8 - (-5 + (-945)/9).
116
Let t = -192 - -217. Let z(w) = -5*w + 9. Let y be z(6). Let m = y + t. Calculate the remainder when 15 is divided by m.
3
Let n = 4 + 3. Suppose 0 = -5*r + 133 + n. Calculate the remainder when r is divided by 16.
12
Let d(o) = 7*o**2 + 4*o + 2. What is the remainder when 2/(-5) + (-7983)/(-45) + -19 is divided by d(-3)?
52
Let t = -18 + 0. Let u = t + 47. Suppose -5*v = -v - 3*r - 20, 2*r - 8 = 0. What is the remainder when u is divided by v?
5
Let x = -21 - -12. Let u = x - -30. Suppose -2*t + 33 = -u. Calculate the remainder when 52 is divided by t.
25
Let p(q) = q**2 - 3*q - 90. What is the remainder when 72 is divided by p(-10)?
32
Suppose -13 = 5*l - 148. Let i be 39/13 - -1*1. Suppose 3*q - i*q + 52 = 0. Calculate the remainder when q is divided by l.
25
Let d(z) = -9*z - 33. Let t = -138 + 132. What is the remainder when 52 is divided by d(t)?
10
Suppose -43*o + 86*o - 86 = 0. What is the remainder when 297 is divided by o?
1
Suppose 5*q = -20, -4*r - 2*q = -7*q - 32. Let g(b) = b**3 - 3*b**2 + 5*b + 1. Calculate the remainder when 77 is divided by g(r).
13
Suppose 82*x = 85*x - 30. What is the remainder when 213 is divided by x?
3
Suppose -935 = -24*u + 313. Calculate the remainder when 257 is divided by u.
49
Suppose -2*z - 3*v = 57, -2*z - 46 - 19 = -5*v. Let x = z + 34. Calculate the remainder when 11 is divided by x.
3
Let m be 12/(-2)*(-3)/3. Suppose r - a + m = 4*a, 75 = 5*r - 4*a. What is the remainder when r is divided by (-26)/(-6) - (-8)/12?
4
Let d = -59 + 62. Suppose 5*a + 2*m - 33 = 0, a + 2*m = 2 + d. Suppose 4*i - i + 5*x = 64, x = 5. Calculate the remainder when i is divided by a.
6
Suppose -u - 1 = -3. Suppose -3*j = -u*j - 5. Suppose -9*z = -j*z - 160. What is the remainder when 79 is divided by z?
39
Let c(s) be the second derivative of s**3/6 + 3*s**2 - 20*s. Calculate the remainder when c(17) is divided by 4.
3
What is the remainder when 372 is divided by (-354)/(-16) + (-9)/72?
20
Suppose -3*f + 5*w = 14 - 70, -60 = -4*f + 3*w. Calculate the remainder when 212 is divided by f.
8
Let v = 369 - 249. Let i(m) = m**3 - 4*m**2 - 2*m + 7. Let u be i(6). Let o = v - u. What is the remainder when o is divided by 27?
26
Let n(a) = -a**2 + 26*a + 50. Let g(o) = o**2 + 6*o + 16. What is the remainder when n(21) is divided by g(-8)?
27
Suppose -3*d + 3 = -2*d. Suppose 5*z - 7 = d. Calculate the remainder when 2/((-10)/5)*1*-9 is divided by z.
1
Suppose -27*p = -2138 - 886. Calculate the remainder when p is divided by 63.
49
Let l = 202 - 129. Suppose -4*k = 22*m - 23*m - 5, k = -3*m + 50. Calculate the remainder when l is divided by m.
13
Suppose 386 = 5*d - 4*i, d - 34 - 43 = i. What is the remainder when 310 is divided by d?
76
Suppose -t = -k + 4*t + 27, 5*t + 31 = 3*k. Let o(p) = 7*p - 3. Calculate the remainder when 65 is divided by o(k).
10
Suppose -2*f = -4*f + 238. Let v(u) = -u - 6. Let s be v(-9). Suppose s*q - 34 = -g + 7*q, 0 = g + 2*q - 28. What is the remainder when f is divided by g?
29
Suppose 3*t - 36 = 3*f, -3*t = 192*f - 189*f - 54. What is the remainder when (-295)/(-4) - 2/(-8) is divided by t?
14
Suppose n - 13 = 5*i - 0*i, n - i = 5. What is the remainder when 54 is divided by n?
0
Let r(f) = 2*f + 4. Let w(t) = -6*t + 128. What is the remainder when w(10) is divided by r(7)?
14
Let t(h) = 14*h**3 + 3*h**2 - 15*h + 23. What is the remainder when 228 is divided by t(2)?
111
Let p = 53 + -53. Suppose p = o + 4*b - 1 + 2, -20 = 5*b. Calculate the remainder when 29 is divided by o.
14
What is the remainder when (-5)/3 + (-1388)/(-12) is divided by 9?
6
Let u(h) = h**2 - 7*h + 1. Let n be u(5). Let a(k) = 9*k**2 + 0*k - 6*k**3 + 7*k**3 - 13 - 3*k. Calculate the remainder when 53 is divided by a(n).
11
Let r(p) = 4*p**2 - 20*p - 7. Suppose 21 = 3*j - 9. What is the remainder when r(7) is divided by j?
9
Suppose -3*a + 5*i = -41, 3*a + 2*a + 5*i = 55. Let g(o) = -4*o + 3. Let x = 44 + -48. What is the remainder when g(x) is divided by a?
7
Suppose 3*u + 261 = 5*x, -2*x + 9*u - 8*u = -104. What is the remainder when 147 is divided by x?
45
Suppose -s + 0*s = 28. Let u = -44 - -77. Let t = u + s. Calculate the remainder when t is divided by 4.
1
Let s = 2 - -3. Suppose -s*b + 112 + 23 = -5*w, -b + 3*w = -35. Suppose 0 = 5*z + 2*z - 91. Calculate the remainder when b is divided by z.
10
Suppose 2*x + 4 = 5*c + 28, 18 = 2*x - 2*c. Suppose 0 = -109*y + 181*y - 792. Calculate the remainder when y is divided by x.
4
Suppose 4*j = 42 + 154. Let f = -11 + j. Suppose -3*i - 8 + f = 0. What is the remainder when 17 is divided by i?
7
Let n(x) = 2*x**2 + 33*x - 917. Calculate the remainder when 147/2 - 1/2 is divided by n(15).
17
Suppose 3*r - 805 = -v - 181, 2*v - 4*r = 1238. Calculate the remainder when v is divided by 78.
75
Suppose -8*p + 4*p = 5*k - 49, -3*k = 5*p - 32. What is the remainder when 251 is divided by k?
8
Calculate the remainder when 508 is divided by (0 - 4) + (-896)/(-64).
8
Let p(n) = -6*n - 12. What is the remainder when 27 is divided by p(-3)?
3
What is the remainder when 123 is divided by -5 - 9*(-184)/24?
59
Suppose 5*a - f = f + 41, 4*f - 16 = -4*a. Let v(n) = -n + 18. What is the remainder when v(6) is divided by a?
5
Suppose 42 = 18*y - 11*y. What is the remainder when 136 is divided by y?
4
Suppose 0 = -4*k - i + 33, -5*k - 2*i - i = -36. What is the remainder when k is divided by (4 - 0)/(4/6)?
3
Let n = 25 - 15. Let a = n + 15. Calculate the remainder when 200/2 + (9 - 12) is divided by a.
22
Let l = 164 - 134. What is the remainder when l is divided by 8?
6
Let v = -836 + 993. What is the remainder when 161 is divided by v?
4
Suppose -k + 14 = r, 0 = -3*r - 2*k + 25 + 14. Suppose 48 + 12 = 12*w. Calculate the remainder when r is divided by w.
1
Let f(u) = -u**2 - 4*u + 4. Let d be f(-4). Suppose 3*m = d*w + 4 + 2, 4*w - 36 = -4*m. Calculate the remainder when m is divided by 2.
0
Suppose q + 16*i - 19 = 20*i, -5*i = -2*q + 38. Let g(m) = m + 1. Let x be g(2). Suppose -x*j + 35 = 5. What is the remainder when q is divided by j?
9
Suppose 2*k = 6*s - 2*s + 20, -28 = -3*k + 5*s. What is the remainder when k is divided by ((-2)/3)/(4/(-6))?
0
Suppose 1 = t - 5. Suppose 4*y - 72 = -4*l, 0*y + 2*y = -5*l + 87. Calculate the remainder when l is divided by t.
5
Let z(s) = s**3 + 3*s - 2. Suppose 0 = -4*y + 3*l - 2980, 5*y + 3*l - 823 = -4575. What is the remainder when y/85*(-10)/4 is divided by z(2)?
10
Suppose 2*b = -5*z + 4*b + 15, -3*z + 4*b - 5 = 0. Suppose -z*j = -156 - 44. Calculate the remainder when 76 is divided by j.
36
Let n be (-1)/(-4) - 501/(-12). Suppose n = -i + 3*i + c, -4*c = -8. Let b(w) = w**2 + w + 59. Calculate the remainder when b(0) is divided by i.
19
Let b = -20 + 23. What is the remainder when 19 is divided by b?
1
Suppose -4*f - 2*b = -120, 0 = -3*f - b - 2*b + 96. Let m(u) = 23*u + 286. What is the remainder when f is divided by m(-12)?
8
Let y = 152 - 30. Let x(l) = -40*l**3 + l**2. What is the remainder when y is divided by x(-1)?
40
Suppose -7*s + 69 = -43. What is the remainder when 73 is divided by s?
9
Suppose -2*v = 4*r + 200, 4*r = 3*v + v - 188. Let p = -28 - r. Calculate the remainder when p is divided by 12.
9
Calculate the remainder when 19*1*-1*(14 + -15) is divided by 13.
6
What is the remainder when (-11 - 452)*1*-1 is divided by 67?
61
Suppose -5*q + 54 = -2*q. Let h(o) = -o - 11. Let i be h(-5). What is the remainder when i/(-4)*348/q is divided by 16?
13
Suppose -12 = -2*g + 22. Suppose -7 = 2*f - 1. What is the remainder when g is divided by f*(-3)/9 + 9?
7
Let h(w) = 2*w**3 + 3*w**2 - 3*w + 1. Let c be h(-3). Let t = c - -41. Calculate the remainder when t is divided by 13.
11
Let z = 5 - 2. Suppose f + 28 = z*f. Calculate the remainder when f is divided by 9.
5
Suppose -18*o - z + 291 = -13*o, -3*o - z = -175. Calculate the remainder when 71 is divided by o.
13
Let m(h) = -h + 10. Suppose -5*g = -4*k + 18, 2*k - 2*g + 25 = 5*k. Let x be m(k). Let q = 24 + x. What is the remainder when 79 is divided by q?
25
Let i(p) = 11*p**2 + 27*p - 63. What is the remainder when i